n q(94) is divided by 30?
15
Suppose 4*m = -3*b + 770, 5*m - 5*b - 1003 = -2*b. Calculate the remainder when m is divided by 58.
23
Let h be (-8 - 2*(-4)/(-8))*3. Let w be (-48)/h + (-2 - (-20)/9). Suppose -w*p + 61 = s, 2*p - 3*s - s = 66. Calculate the remainder when p is divided by 11.
9
Let s(q) = 48*q**2 - 553*q - 24. What is the remainder when s(14) is divided by 821?
0
Suppose 666 = 4*m - j + 2*j, -5*m - 4*j + 838 = 0. Let o(c) = -26*c**2 - 22*c**3 - c + 21*c**3 + 33*c**2 - 3. Calculate the remainder when m is divided by o(5).
40
Let z(h) = -h**3 + 22*h**2 + 49*h - 611. What is the remainder when z(13) is divided by 86?
85
Suppose 4*k - c = 5, 0 = 2*k - 5*c - 0 + 11. Suppose -g = j + k*j - 50, -3*j = -4*g + 185. What is the remainder when 8/14 - 161766/(-693) is divided by g?
46
Let f(z) = 24*z + 171. Let m be f(-7). Suppose -2*g + 10 = 0, -4*t + 2*g = -m*t - 20. What is the remainder when 35 is divided by t?
5
Suppose -6*z - 924 = -5*y - 220, -256 = -2*y - 4*z. Suppose 2 = 2*b - 38. Calculate the remainder when y is divided by b.
16
Suppose 6*y - 279 = 705. Suppose -16 - 144 = -4*i. Let p = 52 - i. What is the remainder when y is divided by p?
8
Suppose q - 2*f - 19 = -7, 45 = 2*q + 3*f. Suppose -u + 5*r + 5 = 0, -4*r - 5 = 5*u + r. Calculate the remainder when (-86 + u)/(-1 + 0) is divided by q.
14
Let o(v) = -v**3 - 24*v**2 + 5*v - 66. What is the remainder when o(-25) is divided by 50?
34
Suppose -7467 = -9*q + 2014 + 8006. What is the remainder when 5840 is divided by q?
11
What is the remainder when ((-869)/22)/(3*6/(-180)) is divided by 60?
35
Let a be 14/(-21)*1 - 11/(-3). Suppose -a*k - 14 + 65 = 0. Calculate the remainder when k is divided by 5.
2
Let m(j) be the third derivative of -17*j**4/6 + j**3 - 19*j**2. Let l be m(1). Let p = -33 - l. What is the remainder when 57 is divided by p?
28
Suppose 8*z - 3*z - 720 = 0. Let u = z - 61. Let g = -36 + 53. What is the remainder when u is divided by g?
15
Let j = 703 - 751. Calculate the remainder when 174 is divided by 548/7 - 1 - j/(-168).
20
Let s(x) = -76*x + 60. Let g be s(13). Suppose -3*o - 2*o + 235 = 0. Calculate the remainder when o is divided by g/(-145)*((-14)/(-4) - 1).
15
Let t = 32283 + -31378. What is the remainder when 2717 is divided by t?
2
Suppose -5*w + 136 = 2*l, w - 200*l = -205*l + 41. Let n = -27 - -19. Let r(h) = h**2 - 5*h - 3. What is the remainder when r(n) is divided by w?
23
Let u(p) = -3*p + 36. What is the remainder when 6945 is divided by u(0)?
33
Let m(k) = 9*k**3 + 58*k**2 - 362*k - 14. Calculate the remainder when m(6) is divided by 88.
86
Let k = 87 - 1. Suppose 0 = -4*i + 2*n + k, 5*i - 127 = 5*n - 9*n. What is the remainder when 31 is divided by i?
8
Suppose 0 = -c + 146288 - 146188. Calculate the remainder when 24398 is divided by c.
98
Let a(v) = 2*v + 17. Let x(z) = 7*z**3 - 6*z**2 + 2*z. Let l be x(2). Let n = l + -18. Calculate the remainder when a(n) is divided by 7.
4
Let a(z) = -z**3 + 2*z**2 + z - 12. Let n be a(4). Calculate the remainder when 58 is divided by (-885)/n + 1/(-8).
14
Let z = 830 + -1247. Let n = z - -437. Calculate the remainder when 78 is divided by n.
18
Let o(x) = -2*x + 3. Let r be (1 + 15/(-3))*3/12. Calculate the remainder when 21 is divided by o(r).
1
Suppose -524 = -6*y - 2*z, -3*z - 56 - 28 = -y. What is the remainder when -9 - -9 - -1*337 is divided by y?
76
Let r(f) = -17*f**3 + f - 1. Let s be r(-2). Suppose -2*n + s = 2*z + 19, 33 = n - 5*z. What is the remainder when n is divided by 18?
17
Let j(x) = 10*x**2 - 57*x + 13. Suppose 2*d - 60 = -48. Calculate the remainder when 184 is divided by j(d).
29
Let u = -377 + 441. Suppose 5*f - 140 = -5*f. Calculate the remainder when u is divided by f.
8
What is the remainder when ((-134334)/170)/(18/(-60)) is divided by 40?
34
Suppose 9*j - 346360 = -131*j. What is the remainder when j is divided by 33?
32
Suppose 60 = 3*i - 6. Suppose -8 = -i*c + 20*c. Calculate the remainder when 20*-8*(c - 5) is divided by 23.
22
What is the remainder when -4 + (-122 - -86)*(-2)/(8/26) is divided by 126?
104
Let o = 523 - 259. What is the remainder when o is divided by 36?
12
Suppose j + 0*j - 54 = 0. Let u(x) = x**3 - 8*x**2 - 7. Let q be u(13). Let v = q - 624. What is the remainder when v is divided by j?
52
Let w be (300 + 11)/(2/(-8)). Calculate the remainder when w/10*(440/16)/(-11) is divided by 21.
17
Suppose 3*t + 32 = -1. Let a = 43 + t. Suppose 0 = -4*d + 106 + 138. What is the remainder when d is divided by a?
29
Let t(x) = x**2 + 10*x + 11. Let i be t(-9). Suppose -l = 2*s - 5*s + 40, -i*l + 37 = 3*s. Suppose 2*a - s = 1. Calculate the remainder when 25 is divided by a.
4
Suppose 44*q - 216 = 40*q. Suppose -3*j - 3*j - q = 0. Let d = 5 - j. Calculate the remainder when 55 is divided by d.
13
Suppose 60*j = 1504 + 2456. Calculate the remainder when 589 is divided by j.
61
Let f(j) = -115*j**3 - 8*j**2 - 2*j - 1. Let y(g) = -g**3 + 15*g**2 + 3*g - 17. What is the remainder when f(-1) is divided by y(15)?
24
Let i be ((-19)/57)/((-2)/(-1074)). Let o = i + 253. What is the remainder when o is divided by 64?
10
Calculate the remainder when 96 is divided by 56 + -23 - (1 - 0).
0
Let u(a) be the second derivative of a**5/20 + 5*a**3/6 + 2*a**2 - 14*a. Let n be u(5). Suppose -152 = -6*z + n. What is the remainder when z is divided by 9?
6
Let m(d) = d - 6. Let a be m(10). Suppose 0*b = -2*b + a. Let t = b + 12. Calculate the remainder when 41 is divided by t.
13
Suppose 5*l - 3*p - 1441 = 0, 5*l - 1007 - 436 = 4*p. Calculate the remainder when l is divided by 39.
14
Let t(r) = 14*r - 87. Let a be t(6). What is the remainder when 374 is divided by 94*((-4)/(-24) + a/(-9))?
45
Suppose 4*b + 4*s - 984 = 0, 5*b = -2*s - s + 1240. Calculate the remainder when b is divided by (-21)/(-9)*(65 - 49)*84/98.
27
Let a(b) = b**2 - 85*b - 25876. Let t = 253 + 105. Calculate the remainder when t is divided by a(-124).
38
Let l(o) = -o**3 - o**2 + 9*o + 3. Let p be l(-6). Suppose 2*y - p = 11*d - 14*d, -5*y - 2*d + 306 = 0. Calculate the remainder when y is divided by 11.
5
Suppose 25*c = -15268 + 40893. Calculate the remainder when c is divided by 21.
17
Let r(o) = 32*o**2 + 45*o - 25. What is the remainder when 125 is divided by r(-2)?
8
Let n be 404 - (-12)/(-9)*(2 - -1). Suppose -9*a + n = a. What is the remainder when a is divided by 11/(1 + -2 - -2)?
7
Suppose 5*n = -3*i + 503, 2*i - 502 = -2*n - 3*n. Suppose 0 = 5*g - 140 + 5. Calculate the remainder when n is divided by g.
19
Let f(b) = -b**3 - 26*b**2 - 172*b + 39. Calculate the remainder when f(-19) is divided by 8.
4
Let u = -825 - -894. Calculate the remainder when u is divided by 11.
3
Let s be (-1 + -1)/(16/72). Let y = 6 - s. Let k = -221 + 294. Calculate the remainder when k is divided by y.
13
Suppose -5*i - 32*c + 72 = -30*c, 4*i - 5*c = 18. What is the remainder when 413 is divided by i?
5
Let f = -14 + 37. What is the remainder when (-6)/(428/24 - 18) is divided by f?
13
Suppose -5 - 3 = 4*b. Let t be -10*(-7)/(-14)*-3. What is the remainder when 28 is divided by b/5*(-55 + t)?
12
Suppose -741 = -2*n - 3*z, 41*n - 36*n - 2*z - 1881 = 0. Calculate the remainder when n is divided by 18.
15
Suppose -1277*n = -1253*n - 5784. Calculate the remainder when n is divided by 124.
117
Let r(i) = i**3 + 23*i**2 + 2*i - 18. What is the remainder when r(-20) is divided by 378?
8
Let m(g) = -4*g - 20. Suppose 2*h - 65 = -81. Let s be m(h). Calculate the remainder when 72 is divided by 244/s - 3/9.
12
Let r(t) = 2*t**2 - 12*t - 9. Let n = 3227 + -3219. What is the remainder when r(16) is divided by n?
7
Let i = -816 + 822. Let g = -51 + 91. Calculate the remainder when g is divided by ((i - 11) + 4)/((-2)/22).
7
Let j(b) = b**3 + 7*b**2 - 5*b - 11. Let k be j(-7). Suppose -7*d - 952 = -k*d. What is the remainder when d is divided by 19?
18
Let g = 10716 + -9993. What is the remainder when g is divided by 89?
11
Suppose -4*v - 3*k + 89 = 0, -4*v = -7*v - k + 73. Let w(o) = 4*o - 15. Let u = 13 + -7. What is the remainder when v is divided by w(u)?
8
What is the remainder when -7*((-8)/10*(-885)/(-6) - 5) is divided by 36?
33
Let m = 591 - 558. Let o = 70 + -45. What is the remainder when m is divided by o?
8
Suppose -2*m - 120 = 